{"id":917,"date":"2021-07-09T17:23:22","date_gmt":"2021-07-09T17:23:22","guid":{"rendered":"https:\/\/bmax.sk\/?page_id=917"},"modified":"2022-12-07T12:34:23","modified_gmt":"2022-12-07T12:34:23","slug":"doplnkove-zariadenia-drapaky","status":"publish","type":"page","link":"https:\/\/bmax.sk\/?page_id=917","title":{"rendered":"Doplnkov\u00e9 zariadenia"},"content":{"rendered":"\t\t<div data-elementor-type=\"wp-page\" data-elementor-id=\"917\" class=\"elementor elementor-917\">\n\t\t\t\t\t\t\t\t\t<section class=\"elementor-section elementor-top-section elementor-element elementor-element-0e760d8 elementor-section-stretched elementor-section-boxed elementor-section-height-default elementor-section-height-default\" data-id=\"0e760d8\" data-element_type=\"section\" data-settings=\"{&quot;stretch_section&quot;:&quot;section-stretched&quot;}\">\n\t\t\t\t\t\t<div class=\"elementor-container elementor-column-gap-default\">\n\t\t\t\t\t<div class=\"elementor-column elementor-col-100 elementor-top-column elementor-element elementor-element-c451d29\" data-id=\"c451d29\" data-element_type=\"column\">\n\t\t\t<div class=\"elementor-widget-wrap elementor-element-populated\">\n\t\t\t\t\t\t\t\t<div class=\"elementor-element elementor-element-39631de elementor-widget-divider--view-line elementor-widget elementor-widget-divider\" data-id=\"39631de\" data-element_type=\"widget\" data-widget_type=\"divider.default\">\n\t\t\t\t<div class=\"elementor-widget-container\">\n\t\t\t\t\t<div class=\"elementor-divider\">\n\t\t\t<span class=\"elementor-divider-separator\">\n\t\t\t\t\t\t<\/span>\n\t\t<\/div>\n\t\t\t\t<\/div>\n\t\t\t\t<\/div>\n\t\t\t\t\t<\/div>\n\t\t<\/div>\n\t\t\t\t\t\t\t<\/div>\n\t\t<\/section>\n\t\t\t\t<section class=\"elementor-section elementor-top-section elementor-element elementor-element-28795d4 elementor-section-stretched elementor-section-boxed elementor-section-height-default elementor-section-height-default\" data-id=\"28795d4\" data-element_type=\"section\" data-settings=\"{&quot;stretch_section&quot;:&quot;section-stretched&quot;,&quot;background_background&quot;:&quot;gradient&quot;}\">\n\t\t\t\t\t\t\t<div class=\"elementor-background-overlay\"><\/div>\n\t\t\t\t\t\t\t<div class=\"elementor-container elementor-column-gap-default\">\n\t\t\t\t\t<div class=\"elementor-column elementor-col-100 elementor-top-column elementor-element elementor-element-24710d7\" data-id=\"24710d7\" data-element_type=\"column\">\n\t\t\t<div class=\"elementor-widget-wrap elementor-element-populated\">\n\t\t\t\t\t\t\t\t<div class=\"elementor-element elementor-element-3d26a26 elementor-hidden-phone elementor-widget elementor-widget-text-editor\" data-id=\"3d26a26\" data-element_type=\"widget\" data-widget_type=\"text-editor.default\">\n\t\t\t\t<div class=\"elementor-widget-container\">\n\t\t\t\t\t\t\t<p style=\"text-align: center;\"><strong>Doplnkov\u00e9 zariadenia &#8211; BMAX Systems s.r.o.<\/strong><\/p>\t\t\t\t\t\t<\/div>\n\t\t\t\t<\/div>\n\t\t\t\t\t<\/div>\n\t\t<\/div>\n\t\t\t\t\t\t\t<\/div>\n\t\t<\/section>\n\t\t\t\t<section class=\"elementor-section elementor-top-section elementor-element elementor-element-e65afd0 elementor-section-stretched elementor-section-boxed elementor-section-height-default elementor-section-height-default\" data-id=\"e65afd0\" data-element_type=\"section\" data-settings=\"{&quot;stretch_section&quot;:&quot;section-stretched&quot;,&quot;shape_divider_top&quot;:&quot;triangle-asymmetrical&quot;}\">\n\t\t\t\t\t\t\t<div class=\"elementor-background-overlay\"><\/div>\n\t\t\t\t\t\t<div class=\"elementor-shape elementor-shape-top\" data-negative=\"false\">\n\t\t\t<svg xmlns=\"http:\/\/www.w3.org\/2000\/svg\" viewBox=\"0 0 1000 100\" preserveAspectRatio=\"none\">\n\t<path class=\"elementor-shape-fill\" d=\"M738,99l262-93V0H0v5.6L738,99z\"\/>\n<\/svg>\t\t<\/div>\n\t\t\t\t\t<div class=\"elementor-container elementor-column-gap-default\">\n\t\t\t\t\t<div class=\"elementor-column elementor-col-100 elementor-top-column elementor-element elementor-element-19cd814\" data-id=\"19cd814\" data-element_type=\"column\">\n\t\t\t<div class=\"elementor-widget-wrap elementor-element-populated\">\n\t\t\t\t\t\t\t\t<div class=\"elementor-element elementor-element-f0ee5c1 elementor-widget-divider--view-line elementor-widget elementor-widget-divider\" data-id=\"f0ee5c1\" data-element_type=\"widget\" data-widget_type=\"divider.default\">\n\t\t\t\t<div class=\"elementor-widget-container\">\n\t\t\t\t\t<div class=\"elementor-divider\">\n\t\t\t<span class=\"elementor-divider-separator\">\n\t\t\t\t\t\t<\/span>\n\t\t<\/div>\n\t\t\t\t<\/div>\n\t\t\t\t<\/div>\n\t\t\t\t\t<\/div>\n\t\t<\/div>\n\t\t\t\t\t\t\t<\/div>\n\t\t<\/section>\n\t\t\t\t<section class=\"elementor-section elementor-top-section elementor-element elementor-element-72135b3 elementor-section-boxed elementor-section-height-default elementor-section-height-default\" data-id=\"72135b3\" data-element_type=\"section\">\n\t\t\t\t\t\t<div class=\"elementor-container elementor-column-gap-default\">\n\t\t\t\t\t<div class=\"elementor-column elementor-col-100 elementor-top-column elementor-element elementor-element-e97612d\" data-id=\"e97612d\" data-element_type=\"column\">\n\t\t\t<div class=\"elementor-widget-wrap elementor-element-populated\">\n\t\t\t\t\t\t\t\t<div class=\"elementor-element elementor-element-55ccfe4 elementor-widget elementor-widget-heading\" data-id=\"55ccfe4\" data-element_type=\"widget\" data-widget_type=\"heading.default\">\n\t\t\t\t<div class=\"elementor-widget-container\">\n\t\t\t<h2 class=\"elementor-heading-title elementor-size-default\">Doplnkov\u00e9 zariadenia a viazacie prostriedky<\/h2>\t\t<\/div>\n\t\t\t\t<\/div>\n\t\t\t\t\t<\/div>\n\t\t<\/div>\n\t\t\t\t\t\t\t<\/div>\n\t\t<\/section>\n\t\t\t\t<section class=\"elementor-section elementor-top-section elementor-element elementor-element-07aa22f elementor-section-boxed elementor-section-height-default elementor-section-height-default\" data-id=\"07aa22f\" data-element_type=\"section\">\n\t\t\t\t\t\t<div class=\"elementor-container elementor-column-gap-default\">\n\t\t\t\t\t<div class=\"elementor-column elementor-col-100 elementor-top-column elementor-element elementor-element-f3dac64\" data-id=\"f3dac64\" data-element_type=\"column\">\n\t\t\t<div class=\"elementor-widget-wrap elementor-element-populated\">\n\t\t\t\t\t\t\t\t<div class=\"elementor-element elementor-element-2e75098 elementor-widget elementor-widget-text-editor\" data-id=\"2e75098\" data-element_type=\"widget\" data-widget_type=\"text-editor.default\">\n\t\t\t\t<div class=\"elementor-widget-container\">\n\t\t\t\t\t\t\t<p>\u00a0 \u00a0 \u00a0 \u00a0 \u00a0 \u00a0 \u00a0 \u00a0 \u00a0 \u00a0 Poskytujeme na\u0161im z\u00e1kazn\u00edkom doplnkov\u00e9 zariadenia vyroben\u00e9 na mieru pod\u013ea po\u017eiadavky z\u00e1kazn\u00edka. Na\u0161e z\u00e1vesn\u00e9 prostriedky sl\u00fa\u017eia na uchopenie bremien ak\u00e9hoko\u013evek tvaru a vlastnost\u00ed, kde kon\u0161trukcia zariadenia vyhovuje po\u017eiadavk\u00e1m a bezpe\u010dnostn\u00fdm predpisom.<\/p>\t\t\t\t\t\t<\/div>\n\t\t\t\t<\/div>\n\t\t\t\t\t<\/div>\n\t\t<\/div>\n\t\t\t\t\t\t\t<\/div>\n\t\t<\/section>\n\t\t\t\t<section class=\"elementor-section elementor-top-section elementor-element elementor-element-1930c31 elementor-section-boxed elementor-section-height-default elementor-section-height-default\" data-id=\"1930c31\" data-element_type=\"section\">\n\t\t\t\t\t\t<div class=\"elementor-container elementor-column-gap-default\">\n\t\t\t\t\t<div class=\"elementor-column elementor-col-100 elementor-top-column elementor-element elementor-element-2c7bc51\" data-id=\"2c7bc51\" data-element_type=\"column\">\n\t\t\t<div class=\"elementor-widget-wrap elementor-element-populated\">\n\t\t\t\t\t\t\t\t<section class=\"elementor-section elementor-inner-section elementor-element elementor-element-e81859b elementor-section-boxed elementor-section-height-default elementor-section-height-default\" data-id=\"e81859b\" data-element_type=\"section\">\n\t\t\t\t\t\t<div class=\"elementor-container elementor-column-gap-default\">\n\t\t\t\t\t<div class=\"elementor-column elementor-col-50 elementor-inner-column elementor-element elementor-element-3b7631f\" data-id=\"3b7631f\" data-element_type=\"column\">\n\t\t\t<div class=\"elementor-widget-wrap elementor-element-populated\">\n\t\t\t\t\t\t\t\t<div class=\"elementor-element elementor-element-bc7c32d elementor-widget elementor-widget-image\" data-id=\"bc7c32d\" data-element_type=\"widget\" data-widget_type=\"image.default\">\n\t\t\t\t<div class=\"elementor-widget-container\">\n\t\t\t\t\t\t\t\t\t\t\t\t\t\t\t<img decoding=\"async\" width=\"720\" height=\"356\" data-src=\"https:\/\/bmax.sk\/wp-content\/uploads\/2021\/03\/Traveza-5t-e1616248288517-1024x507.jpg\" class=\"attachment-large size-large lazyload\" alt=\"\" data-srcset=\"https:\/\/bmax.sk\/wp-content\/uploads\/2021\/03\/Traveza-5t-e1616248288517-1024x507.jpg 1024w, https:\/\/bmax.sk\/wp-content\/uploads\/2021\/03\/Traveza-5t-e1616248288517-300x148.jpg 300w, https:\/\/bmax.sk\/wp-content\/uploads\/2021\/03\/Traveza-5t-e1616248288517-768x380.jpg 768w, https:\/\/bmax.sk\/wp-content\/uploads\/2021\/03\/Traveza-5t-e1616248288517.jpg 1396w\" data-sizes=\"(max-width: 720px) 100vw, 720px\" src=\"data:image\/svg+xml;base64,PHN2ZyB3aWR0aD0iMSIgaGVpZ2h0PSIxIiB4bWxucz0iaHR0cDovL3d3dy53My5vcmcvMjAwMC9zdmciPjwvc3ZnPg==\" style=\"--smush-placeholder-width: 720px; --smush-placeholder-aspect-ratio: 720\/356;\" \/>\t\t\t\t\t\t\t\t\t\t\t\t\t\t\t<\/div>\n\t\t\t\t<\/div>\n\t\t\t\t\t<\/div>\n\t\t<\/div>\n\t\t\t\t<div class=\"elementor-column elementor-col-50 elementor-inner-column elementor-element elementor-element-941dd82\" data-id=\"941dd82\" data-element_type=\"column\">\n\t\t\t<div class=\"elementor-widget-wrap elementor-element-populated\">\n\t\t\t\t\t\t\t\t<div class=\"elementor-element elementor-element-a525951 elementor-widget elementor-widget-text-editor\" data-id=\"a525951\" data-element_type=\"widget\" data-widget_type=\"text-editor.default\">\n\t\t\t\t<div class=\"elementor-widget-container\">\n\t\t\t\t\t\t\t<p><span style=\"text-decoration: underline;\"><span style=\"color: #000000;\"><strong>Ponuka zariaden\u00ed<\/strong><\/span><\/span><\/p><ul><li>traverzy, C h\u00e1ky na pren\u00e1\u0161anie zvitkov plechu<\/li><li>z\u00e1vesn\u00e9 pr\u00edpravky, zvierky a svorky<\/li><li>drap\u00e1ky na seno a kovo\u0161rot<\/li><li>magnety, v\u00e1hy&#8230;<\/li><li>viazacie prostriedky, re\u0165azov\u00e9 \u00fav\u00e4zky<\/li><\/ul>\t\t\t\t\t\t<\/div>\n\t\t\t\t<\/div>\n\t\t\t\t<div class=\"elementor-element elementor-element-3148360 elementor-widget-divider--view-line elementor-widget elementor-widget-divider\" data-id=\"3148360\" data-element_type=\"widget\" data-widget_type=\"divider.default\">\n\t\t\t\t<div class=\"elementor-widget-container\">\n\t\t\t\t\t<div class=\"elementor-divider\">\n\t\t\t<span class=\"elementor-divider-separator\">\n\t\t\t\t\t\t<\/span>\n\t\t<\/div>\n\t\t\t\t<\/div>\n\t\t\t\t<\/div>\n\t\t\t\t<div class=\"elementor-element elementor-element-bd08099 elementor-align-justify elementor-invisible elementor-widget elementor-widget-button\" data-id=\"bd08099\" data-element_type=\"widget\" data-settings=\"{&quot;_animation&quot;:&quot;fadeInRight&quot;,&quot;_animation_delay&quot;:0}\" data-widget_type=\"button.default\">\n\t\t\t\t<div class=\"elementor-widget-container\">\n\t\t\t\t\t<div class=\"elementor-button-wrapper\">\n\t\t\t<a href=\"https:\/\/bmax.sk\/?page_id=44\" class=\"elementor-button-link elementor-button elementor-size-sm elementor-animation-grow\" role=\"button\">\n\t\t\t\t\t\t<span class=\"elementor-button-content-wrapper\">\n\t\t\t\t\t\t<span class=\"elementor-button-text\">     Kontakt pre vi\u017eiadanie cenovej ponuky     <\/span>\n\t\t<\/span>\n\t\t\t\t\t<\/a>\n\t\t<\/div>\n\t\t\t\t<\/div>\n\t\t\t\t<\/div>\n\t\t\t\t\t<\/div>\n\t\t<\/div>\n\t\t\t\t\t\t\t<\/div>\n\t\t<\/section>\n\t\t\t\t\t<\/div>\n\t\t<\/div>\n\t\t\t\t\t\t\t<\/div>\n\t\t<\/section>\n\t\t\t\t\t\t\t<\/div>\n\t\t","protected":false},"excerpt":{"rendered":"<p>Doplnkov\u00e9 zariadenia &#8211; BMAX Systems s.r.o. Doplnkov\u00e9 zariadenia a viazacie prostriedky &nbsp; &nbsp; &nbsp; &nbsp; &nbsp; &nbsp; &nbsp; &nbsp; &nbsp; &nbsp; Poskytujeme na\u0161im z\u00e1kazn\u00edkom doplnkov\u00e9 zariadenia vyroben\u00e9 na mieru pod\u013ea po\u017eiadavky z\u00e1kazn\u00edka. Na\u0161e z\u00e1vesn\u00e9 prostriedky sl\u00fa\u017eia na uchopenie bremien ak\u00e9hoko\u013evek tvaru a vlastnost\u00ed, kde kon\u0161trukcia zariadenia vyhovuje po\u017eiadavk\u00e1m a bezpe\u010dnostn\u00fdm predpisom. Ponuka zariaden\u00ed traverzy, C [&hellip;]<\/p>\n","protected":false},"author":1,"featured_media":0,"parent":0,"menu_order":0,"comment_status":"closed","ping_status":"closed","template":"","meta":{"footnotes":""},"yoast_head":"<!-- This site is optimized with the Yoast SEO plugin v23.6 - https:\/\/yoast.com\/wordpress\/plugins\/seo\/ -->\n<title>Doplnkov\u00e9 zariadenia -<\/title>\n<meta name=\"description\" content=\"Ponuka zariaden\u00ed ako: traverzy, C h\u00e1ky na pren\u00e1\u0161anie zvitkov plechu, z\u00e1vesn\u00e9 pr\u00edpravky, zvierky a svorky, drap\u00e1ky na seno, kovo\u0161rot\" \/>\n<meta name=\"robots\" content=\"index, follow, max-snippet:-1, max-image-preview:large, max-video-preview:-1\" \/>\n<link rel=\"canonical\" href=\"https:\/\/bmax.sk\/?page_id=917\" \/>\n<meta property=\"og:locale\" content=\"sk_SK\" \/>\n<meta property=\"og:type\" content=\"article\" \/>\n<meta property=\"og:title\" content=\"Doplnkov\u00e9 zariadenia -\" \/>\n<meta property=\"og:description\" content=\"Ponuka zariaden\u00ed ako: traverzy, C h\u00e1ky na pren\u00e1\u0161anie zvitkov plechu, z\u00e1vesn\u00e9 pr\u00edpravky, zvierky a svorky, drap\u00e1ky na seno, kovo\u0161rot\" \/>\n<meta property=\"og:url\" content=\"https:\/\/bmax.sk\/?page_id=917\" \/>\n<meta property=\"og:site_name\" content=\"BMAX Systems s.r.o.\" \/>\n<meta property=\"article:modified_time\" content=\"2022-12-07T12:34:23+00:00\" \/>\n<meta property=\"og:image\" content=\"https:\/\/bmax.sk\/wp-content\/uploads\/2021\/03\/Traveza-5t-e1616248288517-1024x507.jpg\" \/>\n<meta name=\"twitter:card\" content=\"summary_large_image\" \/>\n<meta name=\"twitter:label1\" content=\"Predpokladan\u00fd \u010das \u010d\u00edtania\" \/>\n\t<meta name=\"twitter:data1\" content=\"1 min\u00fata\" \/>\n<script type=\"application\/ld+json\" class=\"yoast-schema-graph\">{\"@context\":\"https:\/\/schema.org\",\"@graph\":[{\"@type\":\"WebPage\",\"@id\":\"https:\/\/bmax.sk\/?page_id=917\",\"url\":\"https:\/\/bmax.sk\/?page_id=917\",\"name\":\"Doplnkov\u00e9 zariadenia -\",\"isPartOf\":{\"@id\":\"https:\/\/bmax.sk\/#website\"},\"primaryImageOfPage\":{\"@id\":\"https:\/\/bmax.sk\/?page_id=917#primaryimage\"},\"image\":{\"@id\":\"https:\/\/bmax.sk\/?page_id=917#primaryimage\"},\"thumbnailUrl\":\"https:\/\/bmax.sk\/wp-content\/uploads\/2021\/03\/Traveza-5t-e1616248288517-1024x507.jpg\",\"datePublished\":\"2021-07-09T17:23:22+00:00\",\"dateModified\":\"2022-12-07T12:34:23+00:00\",\"description\":\"Ponuka zariaden\u00ed ako: traverzy, C h\u00e1ky na pren\u00e1\u0161anie zvitkov plechu, z\u00e1vesn\u00e9 pr\u00edpravky, zvierky a svorky, drap\u00e1ky na seno, kovo\u0161rot\",\"breadcrumb\":{\"@id\":\"https:\/\/bmax.sk\/?page_id=917#breadcrumb\"},\"inLanguage\":\"sk-SK\",\"potentialAction\":[{\"@type\":\"ReadAction\",\"target\":[\"https:\/\/bmax.sk\/?page_id=917\"]}]},{\"@type\":\"ImageObject\",\"inLanguage\":\"sk-SK\",\"@id\":\"https:\/\/bmax.sk\/?page_id=917#primaryimage\",\"url\":\"https:\/\/bmax.sk\/wp-content\/uploads\/2021\/03\/Traveza-5t-e1616248288517.jpg\",\"contentUrl\":\"https:\/\/bmax.sk\/wp-content\/uploads\/2021\/03\/Traveza-5t-e1616248288517.jpg\",\"width\":1396,\"height\":691},{\"@type\":\"BreadcrumbList\",\"@id\":\"https:\/\/bmax.sk\/?page_id=917#breadcrumb\",\"itemListElement\":[{\"@type\":\"ListItem\",\"position\":1,\"name\":\"Domovsk\u00e1 str\u00e1nka\",\"item\":\"https:\/\/bmax.sk\/\"},{\"@type\":\"ListItem\",\"position\":2,\"name\":\"Doplnkov\u00e9 zariadenia\"}]},{\"@type\":\"WebSite\",\"@id\":\"https:\/\/bmax.sk\/#website\",\"url\":\"https:\/\/bmax.sk\/\",\"name\":\"BMAX Systems s.r.o.\",\"description\":\"Mostov\u00e9 \u017eeriavy\",\"publisher\":{\"@id\":\"https:\/\/bmax.sk\/#organization\"},\"potentialAction\":[{\"@type\":\"SearchAction\",\"target\":{\"@type\":\"EntryPoint\",\"urlTemplate\":\"https:\/\/bmax.sk\/?s={search_term_string}\"},\"query-input\":{\"@type\":\"PropertyValueSpecification\",\"valueRequired\":true,\"valueName\":\"search_term_string\"}}],\"inLanguage\":\"sk-SK\"},{\"@type\":\"Organization\",\"@id\":\"https:\/\/bmax.sk\/#organization\",\"name\":\"BMAX Systems s.r.o.\",\"url\":\"https:\/\/bmax.sk\/\",\"logo\":{\"@type\":\"ImageObject\",\"inLanguage\":\"sk-SK\",\"@id\":\"https:\/\/bmax.sk\/#\/schema\/logo\/image\/\",\"url\":\"https:\/\/bmax.sk\/wp-content\/uploads\/2021\/03\/cropped-cropped-LOGO-e1616178875425.jpg\",\"contentUrl\":\"https:\/\/bmax.sk\/wp-content\/uploads\/2021\/03\/cropped-cropped-LOGO-e1616178875425.jpg\",\"width\":100,\"height\":100,\"caption\":\"BMAX Systems s.r.o.\"},\"image\":{\"@id\":\"https:\/\/bmax.sk\/#\/schema\/logo\/image\/\"}}]}<\/script>\n<!-- \/ Yoast SEO plugin. -->","yoast_head_json":{"title":"Doplnkov\u00e9 zariadenia -","description":"Ponuka zariaden\u00ed ako: traverzy, C h\u00e1ky na pren\u00e1\u0161anie zvitkov plechu, z\u00e1vesn\u00e9 pr\u00edpravky, zvierky a svorky, drap\u00e1ky na seno, kovo\u0161rot","robots":{"index":"index","follow":"follow","max-snippet":"max-snippet:-1","max-image-preview":"max-image-preview:large","max-video-preview":"max-video-preview:-1"},"canonical":"https:\/\/bmax.sk\/?page_id=917","og_locale":"sk_SK","og_type":"article","og_title":"Doplnkov\u00e9 zariadenia -","og_description":"Ponuka zariaden\u00ed ako: traverzy, C h\u00e1ky na pren\u00e1\u0161anie zvitkov plechu, z\u00e1vesn\u00e9 pr\u00edpravky, zvierky a svorky, drap\u00e1ky na seno, kovo\u0161rot","og_url":"https:\/\/bmax.sk\/?page_id=917","og_site_name":"BMAX Systems s.r.o.","article_modified_time":"2022-12-07T12:34:23+00:00","og_image":[{"url":"https:\/\/bmax.sk\/wp-content\/uploads\/2021\/03\/Traveza-5t-e1616248288517-1024x507.jpg"}],"twitter_card":"summary_large_image","twitter_misc":{"Predpokladan\u00fd \u010das \u010d\u00edtania":"1 min\u00fata"},"schema":{"@context":"https:\/\/schema.org","@graph":[{"@type":"WebPage","@id":"https:\/\/bmax.sk\/?page_id=917","url":"https:\/\/bmax.sk\/?page_id=917","name":"Doplnkov\u00e9 zariadenia -","isPartOf":{"@id":"https:\/\/bmax.sk\/#website"},"primaryImageOfPage":{"@id":"https:\/\/bmax.sk\/?page_id=917#primaryimage"},"image":{"@id":"https:\/\/bmax.sk\/?page_id=917#primaryimage"},"thumbnailUrl":"https:\/\/bmax.sk\/wp-content\/uploads\/2021\/03\/Traveza-5t-e1616248288517-1024x507.jpg","datePublished":"2021-07-09T17:23:22+00:00","dateModified":"2022-12-07T12:34:23+00:00","description":"Ponuka zariaden\u00ed ako: traverzy, C h\u00e1ky na pren\u00e1\u0161anie zvitkov plechu, z\u00e1vesn\u00e9 pr\u00edpravky, zvierky a svorky, drap\u00e1ky na seno, kovo\u0161rot","breadcrumb":{"@id":"https:\/\/bmax.sk\/?page_id=917#breadcrumb"},"inLanguage":"sk-SK","potentialAction":[{"@type":"ReadAction","target":["https:\/\/bmax.sk\/?page_id=917"]}]},{"@type":"ImageObject","inLanguage":"sk-SK","@id":"https:\/\/bmax.sk\/?page_id=917#primaryimage","url":"https:\/\/bmax.sk\/wp-content\/uploads\/2021\/03\/Traveza-5t-e1616248288517.jpg","contentUrl":"https:\/\/bmax.sk\/wp-content\/uploads\/2021\/03\/Traveza-5t-e1616248288517.jpg","width":1396,"height":691},{"@type":"BreadcrumbList","@id":"https:\/\/bmax.sk\/?page_id=917#breadcrumb","itemListElement":[{"@type":"ListItem","position":1,"name":"Domovsk\u00e1 str\u00e1nka","item":"https:\/\/bmax.sk\/"},{"@type":"ListItem","position":2,"name":"Doplnkov\u00e9 zariadenia"}]},{"@type":"WebSite","@id":"https:\/\/bmax.sk\/#website","url":"https:\/\/bmax.sk\/","name":"BMAX Systems s.r.o.","description":"Mostov\u00e9 \u017eeriavy","publisher":{"@id":"https:\/\/bmax.sk\/#organization"},"potentialAction":[{"@type":"SearchAction","target":{"@type":"EntryPoint","urlTemplate":"https:\/\/bmax.sk\/?s={search_term_string}"},"query-input":{"@type":"PropertyValueSpecification","valueRequired":true,"valueName":"search_term_string"}}],"inLanguage":"sk-SK"},{"@type":"Organization","@id":"https:\/\/bmax.sk\/#organization","name":"BMAX Systems s.r.o.","url":"https:\/\/bmax.sk\/","logo":{"@type":"ImageObject","inLanguage":"sk-SK","@id":"https:\/\/bmax.sk\/#\/schema\/logo\/image\/","url":"https:\/\/bmax.sk\/wp-content\/uploads\/2021\/03\/cropped-cropped-LOGO-e1616178875425.jpg","contentUrl":"https:\/\/bmax.sk\/wp-content\/uploads\/2021\/03\/cropped-cropped-LOGO-e1616178875425.jpg","width":100,"height":100,"caption":"BMAX Systems s.r.o."},"image":{"@id":"https:\/\/bmax.sk\/#\/schema\/logo\/image\/"}}]}},"_links":{"self":[{"href":"https:\/\/bmax.sk\/index.php?rest_route=\/wp\/v2\/pages\/917"}],"collection":[{"href":"https:\/\/bmax.sk\/index.php?rest_route=\/wp\/v2\/pages"}],"about":[{"href":"https:\/\/bmax.sk\/index.php?rest_route=\/wp\/v2\/types\/page"}],"author":[{"embeddable":true,"href":"https:\/\/bmax.sk\/index.php?rest_route=\/wp\/v2\/users\/1"}],"replies":[{"embeddable":true,"href":"https:\/\/bmax.sk\/index.php?rest_route=%2Fwp%2Fv2%2Fcomments&post=917"}],"version-history":[{"count":21,"href":"https:\/\/bmax.sk\/index.php?rest_route=\/wp\/v2\/pages\/917\/revisions"}],"predecessor-version":[{"id":1288,"href":"https:\/\/bmax.sk\/index.php?rest_route=\/wp\/v2\/pages\/917\/revisions\/1288"}],"wp:attachment":[{"href":"https:\/\/bmax.sk\/index.php?rest_route=%2Fwp%2Fv2%2Fmedia&parent=917"}],"curies":[{"name":"wp","href":"https:\/\/api.w.org\/{rel}","templated":true}]}}